 y(2).
2
Let b(l) = -11*l**3 - 17*l**2 + 14*l + 20. Let i(u) = 35*u**3 + 55*u**2 - 43*u - 62. Let j(h) = 19*b(h) + 6*i(h). Determine j(-8).
-120
Let c = 3713 - 3692. Let s(o) = o**3 - 21*o**2 - 3*o + 2. What is s(c)?
-61
Let q(u) = -47*u + 17 + 37 + 5*u**2 + 25 - 75. Calculate q(10).
34
Let j(a) = -2*a**2 - 27*a + 2. Let q(d) = -6*d**2 - 77*d + 6. Let i(s) = -11*j(s) + 4*q(s). Give i(5).
-103
Suppose 6*u + 52 = 4*p + 11*u, 3*u = 3*p - 66. Let a(y) = y**3 - 19*y**2 + 22*y - 37. Give a(p).
35
Let p(k) = 38 - 115 - 295 + 42*k + 23*k - 6*k. Calculate p(6).
-18
Suppose -9*l = -12*l + 15. Let b(j) = -6*j + 3*j + l*j**2 - 4*j**2 - 7. Let p be (2/(-6))/(3/(-162)*3). Calculate b(p).
11
Let f be (-4)/5*(-5)/2. Let x(a) = 7*a**2 + 0*a**f - a**3 - 1 - 3*a**2 + 3*a. Let k(s) = 4863*s + 68087. Let p be k(-14). Determine x(p).
-11
Let h(c) = -22*c - 2*c - 5*c**3 + 6*c**3 - 15 + 10*c**2 + 11*c. Suppose 43 = -3*x + 10. Calculate h(x).
7
Suppose 2003 = -12*p + 2123. Let u(r) = -6*r**2 + 60*r + 9. Give u(p).
9
Let z = 13 - 5. Let f(p) = -3*p - 6*p + 136053 + p**3 - 7*p**2 - 136043. Calculate f(z).
2
Let w(i) be the second derivative of i**3/6 + 3*i**2 + 707*i. Suppose 8*t - 9*t = 3. Determine w(t).
3
Let p(n) = 2*n - 27. Suppose 9*f = 11*f + 12*f. Calculate p(f).
-27
Let r(p) be the first derivative of p**7/840 - p**6/120 + p**5/120 + p**4/8 + 3*p**3 + 7*p + 63. Let c(o) be the third derivative of r(o). Calculate c(3).
6
Let l(f) = 64*f**3 - 2*f - 1. Suppose 10 = -260*y - 250. Give l(y).
-63
Let j(d) be the first derivative of d**3/3 - 7*d**2 - d - 13. Let t(n) = n**2 + 25*n - 43. Let m be t(-27). Calculate j(m).
-34
Let v(t) = 11*t**3 - 39*t**2 - 9*t + 55. Let r(o) = 29*o**3 - 104*o**2 - 24*o + 146. Let i(j) = 8*r(j) - 21*v(j). Determine i(13).
-26
Let x(p) be the third derivative of 7/24*p**4 + 1/60*p**5 + 0*p + 5/6*p**3 + 29*p**2 + 0. Suppose 2*l - 8 = -24. Determine x(l).
13
Let o(u) = -7*u + 15 - 7*u - 16*u + 32*u. Determine o(-7).
1
Let h = 80 + -76. Let u(i) = i + 11*i**2 + 7*i**2 + 2 + h*i - 19*i**2. Determine u(4).
6
Suppose 2*a - 8 + 0 = 0. Let f(q) = -q - 3 + 2 - 4*q + a*q. Determine f(2).
-3
Let b(i) = 13*i**3 + 4*i**2 + 4*i + 4. Let k be (3 + (-10)/5)/((-6 - 3)/9). What is b(k)?
-9
Let z(d) = -17*d - 251. Suppose -353 = -39*b - 938. Determine z(b).
4
Let b(k) = 2*k - 7. Suppose 0 = 4*z + 101 + 15. Let l(w) = 5*w + 138. Let q be l(z). Give b(q).
-21
Let y be ((-10)/5 + 3)*(-5 - 1 - -1). Let q(d) = -d**3 - 4*d**2 + 5*d - 6. Calculate q(y).
-6
Let f(q) = -q**2 + 7*q + 2. Let i be f(7). Suppose -15 = -3*x - o - i*o, -3*x + 4*o + 1 = 0. Let u(t) = -13 + 7 + 5 - 2*t**2 - t**2 + t**3. What is u(x)?
-1
Let k be (-323)/171 + (1 - (-20)/(-18)). Let x(f) = -6*f**3 - 5*f**2 + 9*f + 4. Let p(d) = 2*d**3 + 2*d**2 - 4*d - 2. Let o(w) = k*x(w) - 5*p(w). What is o(-2)?
-18
Let n(a) = -13*a - 8. Let h = 4 + -8. Let u be n(h). Let x(o) = -4 - u*o + 2 + 45*o. Give x(-3).
-5
Let r = -19475 + 19474. Let b(a) = -58*a + 3. What is b(r)?
61
Let u(o) = 91*o**3 - 1. Suppose -2488*n - 20 = -2508*n. What is u(n)?
90
Suppose -44*j + 57*j = -13. Let g(r) be the first derivative of -21*r + 2 + 3*r**2 + 20*r - 4*r**2 + 2*r**3. What is g(j)?
7
Let j(l) = -l**2 + 15*l - 7. Let r(k) = -193*k + 1169. Let n be r(6). Give j(n).
37
Let t(c) = -c**3 + 15*c**2 + 36*c - 23. Let h(n) = -2*n**3 - 71*n**2 + 36*n + 17. Let y be h(-36). Determine t(y).
11
Let t(f) = 16*f - 2415. Let r(k) = -11*k + 1728. Let j(p) = -7*r(p) - 5*t(p). Let d be 4/(-6) + 22/(-3). Give j(d).
3
Suppose -10*o + 54 = 8*o. Let f(s) = 25*s**2 + 9 + s**o - 4 + 7*s - 41*s**2 + 22*s**2. Calculate f(-5).
-5
Suppose -2*b - 3*b = 5*i, 2 = 4*b + 6*i. Let x(u) be the second derivative of u**4/12 - u**3/6 - u. Calculate x(b).
2
Let u be ((-3780)/1050)/((-108)/(-525) - (-2)/(-7)). Let k(a) = a**3 - 47*a**2 + 91*a - 33. Determine k(u).
12
Let l(i) be the first derivative of -i**2/2 - i - 1. Let t be 8/(-3)*(561/68 - 6). Determine l(t).
5
Let w be (2/(-4))/(3/6). Let i(z) be the third derivative of -7*z**4/6 + z**3/6 + 92216*z**2. Determine i(w).
29
Let t(a) = 18*a - 25. Let f = 369 + -368. Let j be t(f). Let i(k) = -k**2 - 4*k + 3. What is i(j)?
-18
Let f be (6/(-8))/(9/(-66))*-2. Let r = f - -13. Let i(t) = -2*t**2 - 3*t**2 - t**2 + 2*t**r. Calculate i(-1).
-4
Let l = -100 + 100. Let j(o) = 6*o - 1 + 2*o - o**2 - 7 + l*o. Give j(5).
7
Let w(d) = 256*d - 2046. Let i be w(8). Suppose 2*u = 3*u - 11. Let o(v) = 9*v - 14*v + 0*v - 2*v**i - 6 + u*v. Calculate o(4).
-14
Suppose -b - 2*u = -5, 3*b - 14*u - 35 = -10*u. Suppose -39 = -b*v + 6. Let m(h) = -h**3 + 4*h**2 + 9*h - 12. What is m(v)?
8
Suppose 2*f - 28 = 2*z, -z - 25*f + 30*f - 26 = 0. Let j(n) = -42*n - 458. Determine j(z).
4
Suppose 473*y + 159*y = -249*y + 7048. Suppose -3*m + 0*m = -h - 10, -3*h = m - 10. Let p(c) = -2*c**2 + c**3 + 7*c - 7*c**h - 1 + 8. What is p(y)?
-1
Suppose 53*h + 63 = 62*h. Let u be 1/((-639)/90 + h). Let j(k) = k**2 + 11*k + 1. Determine j(u).
-9
Let s(p) = 9*p - 76. Let o be s(9). Let c be (-2 - -1) + 8 + -5. Let a(v) = 2*v + 0*v + 2 + c + 2 - v**2. Give a(o).
-9
Let a(j) = j**3 - 3*j**2 - 5*j + 2. Let x be a(4). Suppose 0 = -4*c - 20, -1 + 18 = 2*p - c. Let t(d) = -5 + p - 5*d + 0*d + 3*d. Determine t(x).
5
Let h(n) = -246*n**3 - 16 - 38*n**2 + 245*n**3 + n + 54. Calculate h(-38).
0
Let n(o) = 6*o**2 + o. Let i(j) be the third derivative of 7*j**5/60 + 58*j**2. Let y(q) = -5*i(q) + 6*n(q). What is y(-8)?
16
Let j(v) = v**2 + v + 49. Let o(n) = -n**3 + 16*n**2 - 11*n + 281. Let h(x) = 6*j(x) - o(x). What is h(8)?
21
Let z = 286 + -283. Suppose j = 2, 49 = -z*l - 2*j + 7*j. Let f(y) = y**3 + 14*y**2 + 13*y + 5. Determine f(l).
5
Let q(p) = -4*p**3 + p**2 - 1. Suppose 10 = r + 8. Suppose -5*m - 4*h + 40 = -h, 0 = 3*m - 3*h. Suppose 30 = 5*n + 5*d, r*n + m*d - 22 = 5*n. Calculate q(n).
-4
Suppose 14*u - 880 = 4*u. Let t(m) = -84 - u - 81 + m + 264. Calculate t(-10).
1
Let d(o) = -4*o + 20 + 12*o + 19*o - 28*o. Let b be 4/(-5*6/(-45)). Give d(b).
14
Suppose -36*r - 330 = -1213 - 125. Let b(p) = p**2 - 25*p - 60. Calculate b(r).
24
Let x(p) = 19*p**3 - 4*p**2 + 3*p - 2. Let n(a) = -20*a**3 + 3*a**2 - 2*a + 1. Let f be (-5 - -3) + 11 - 6. Let s(g) = f*n(g) + 2*x(g). What is s(-1)?
22
Let n(l) = l**3 + l**2 - l - 2. Suppose -4*a - 1 = 3. Let p(w) = 6*w**3 + 5*w**2 - 7*w - 9. Let f(c) = a*p(c) + 5*n(c). Calculate f(1).
0
Let v(y) = -8723*y**2 + 8720*y**2 - 2 + 4*y**3 - 2*y**3 - y**3 + 4*y. Determine v(1).
0
Let b(h) = -5*h - 73471*h**2 + 11*h + 12 + 73470*h**2. What is b(7)?
5
Let c(h) = -14847*h + 7461*h - 5 + 7419*h. Calculate c(2).
61
Let o(r) be the first derivative of 2*r**3/3 - 2*r**2 - 4*r - 1682. Calculate o(-1).
2
Let h(k) be the second derivative of k**4/12 - k**3 - 3*k**2/2 - 2*k. Suppose 7*i - 4 = 5*i, -4*l = 4*i - 32. What is h(l)?
-3
Let y(j) = -4 - 1119*j + 2 + 1128*j + 12 + j**3 - 2 - 4 + 9*j**2. Let i = 12 + -20. Calculate y(i).
-4
Let c(b) = -39*b - 37. Let u(y) = 12*y + 12. Let z(x) = -3*c(x) - 10*u(x). Give z(-6).
9
Let p = 68 + -51. Let n(r) = 7*r**2 - r - 13. Let w(d) = 20*d**2 - 2*d - 38. Let l = 9 - 15. Let g(h) = l*w(h) + p*n(h). Calculate g(-7).
-7
Let f(j) be the first derivative of j**3/3 - j**2 - j - 14913. Let a(c) = c**3 - 2*c**2 - c + 2. Let b be a(2). Give f(b).
-1
Let g(f) = -5*f**2 + 2*f. Suppose -n + 2 = -2*n + 4*t, -4*t = -8. Suppose 22*h + 5*m - n = 19*h, -3*m - 4 = -2*h. What is g(h)?
-16
Suppose 18*p + 345 = 13*p. Let u = p + 72. Let f(v) = -3*v**2 - 4*v + 2. Determine f(u).
-37
Let l(z) = -z**3 - 33*z**2 - 46 - 7*z - 16*z + 18*z + 37*z. Determine l(-34).
22
Let r = -2 + -34. Let q be (8/r)/1 + 1732/18. Let j(z) = -z**3 + 54*z**2 - 4 + 49*z**2 - q*z**2 - z + 0*z**3. What is j(7)?
-11
Let d(n) = 9*n**2 + 3*n - 26 - 2*n - 7*n**2 + 24. Let f(l) = l**2 - 2. Let u(h) = d(h) - f(h). Calculate u(-3).
6
Let l(x) be the first derivative of -x**4/12 + 11*x**3/6 - 15*x**2/2 + 48*x + 71. Let j(b) be the first derivative of l(b). Determine j(10).
-5
Suppose 2*v = -v. Let c(w) = 13*w + 104. Let b(y) = 63*y + 503. Let x(z) = -6*b(z) + 29*c(z). Determine x(v).
-2
Let w(t) = -89*t**2 + t + 2. Let f = -16451 + 16452. Calculate w(f).
-86
Suppose -v = -3*v + 6. Let j(f) = 7. Let w(g) = 9. Let l(r) = -4*j(r) + 3*w(r). Let n(y) = -2*y - 8